{"id":22,"date":"2014-02-18T13:23:22","date_gmt":"2014-02-18T12:23:22","guid":{"rendered":"https:\/\/www.all-e-quest.com\/public\/?page_id=22"},"modified":"2025-11-21T13:52:57","modified_gmt":"2025-11-21T12:52:57","slug":"manager","status":"publish","type":"page","link":"https:\/\/www.all-e-quest.com\/public\/manager\/","title":{"rendered":"Pour le Manager"},"content":{"rendered":"<p><span style=\"line-height: 1.5;\">Le 360 feedback individuel, un processus puissant qui permet de recueillir, \u00e0 l\u2019aide d\u2019un questionnaire, les perceptions du manager et celles de son entourage sur ses comportements manag\u00e9riaux.<\/span><\/p>\n<p>&nbsp;<\/p>\n<p>Construit avec les r\u00e9ponses recueillies aupr\u00e8s de l&rsquo;entourage du manger, \u00e0 l&rsquo;aide du questionnaire enligne, le rapport 360\u00b0 feedback permet d\u2019identifier les gisements du potentiel du manager et d\u2019\u00e9laborer un plan de progr\u00e8s pertinent pour son d\u00e9veloppement et son \u00e9volution.<\/p>\n<p>&nbsp;<\/p>\n<p>A l&rsquo;aide des r\u00e9ponses, il sera possible d&rsquo;identifier les points de force et les axes de progr\u00e8s connus de soi mais aussi inconnus de soi et reconnus par son entourage.<\/p>\n<p><img loading=\"lazy\" decoding=\"async\" class=\"size-full wp-image-315 aligncenter\" src=\"https:\/\/www.all-e-quest.com\/public\/wp-content\/uploads\/2014\/02\/tableau.png\" alt=\"tableau\" width=\"945\" height=\"418\" srcset=\"https:\/\/www.all-e-quest.com\/public\/wp-content\/uploads\/2014\/02\/tableau.png 945w, https:\/\/www.all-e-quest.com\/public\/wp-content\/uploads\/2014\/02\/tableau-300x132.png 300w\" sizes=\"(max-width: 945px) 100vw, 945px\" \/><\/p>\n","protected":false},"excerpt":{"rendered":"<p>Le 360 feedback individuel, un processus puissant qui permet de recueillir, \u00e0 l\u2019aide d\u2019un questionnaire, les perceptions du manager et celles de son entourage sur ses comportements manag\u00e9riaux. &nbsp; Construit avec les r\u00e9ponses recueillies aupr\u00e8s de l&rsquo;entourage du manger, \u00e0 l&rsquo;aide du questionnaire enligne, le rapport 360\u00b0 feedback permet d\u2019identifier les gisements du potentiel du [&hellip;]<\/p>\n","protected":false},"author":3,"featured_media":0,"parent":0,"menu_order":0,"comment_status":"open","ping_status":"open","template":"tpl\/landingpage.php","meta":{"footnotes":""},"acf":[],"aioseo_notices":[],"_links":{"self":[{"href":"https:\/\/www.all-e-quest.com\/public\/wp-json\/wp\/v2\/pages\/22"}],"collection":[{"href":"https:\/\/www.all-e-quest.com\/public\/wp-json\/wp\/v2\/pages"}],"about":[{"href":"https:\/\/www.all-e-quest.com\/public\/wp-json\/wp\/v2\/types\/page"}],"author":[{"embeddable":true,"href":"https:\/\/www.all-e-quest.com\/public\/wp-json\/wp\/v2\/users\/3"}],"replies":[{"embeddable":true,"href":"https:\/\/www.all-e-quest.com\/public\/wp-json\/wp\/v2\/comments?post=22"}],"version-history":[{"count":34,"href":"https:\/\/www.all-e-quest.com\/public\/wp-json\/wp\/v2\/pages\/22\/revisions"}],"predecessor-version":[{"id":2685,"href":"https:\/\/www.all-e-quest.com\/public\/wp-json\/wp\/v2\/pages\/22\/revisions\/2685"}],"wp:attachment":[{"href":"https:\/\/www.all-e-quest.com\/public\/wp-json\/wp\/v2\/media?parent=22"}],"curies":[{"name":"wp","href":"https:\/\/api.w.org\/{rel}","templated":true}]}}